*t + 5*t, y = -5*n - 3*t + 528. Let h = -68 + n. What is the highest common divisor of h and 296?
37
Let q(u) = 2*u**2 + 8*u - 46. Let l be q(-9). Let m be -30*((-19)/(-5) - 3). Let j = m + 134. Calculate the highest common factor of l and j.
22
Suppose 0 = -7*b + 4*b + 3*u + 831, 4*b - u - 1105 = 0. Calculate the highest common factor of b and 78.
6
Let j(a) be the second derivative of -a**3/6 - 2*a**2 - 133*a. Let z be j(-24). Calculate the greatest common factor of z and 35.
5
Suppose q - 66 = 3*i - 25, -2*q - 4*i = -42. Suppose q*o - 32*o + 147 = 0. Let x = o + -7. Calculate the greatest common divisor of 294 and x.
42
Suppose 2825 + 4255 = 8*k. Suppose -5*y + p + 151 = -k, 2*y + 4*p = 432. Let n = -56 + 69. What is the highest common divisor of n and y?
13
Suppose -56 = 8*l - 10*l. Suppose 31*t = 5566 + 2246. Calculate the greatest common factor of l and t.
28
Let a be -190*836/(-2945) - (-4)/62. What is the highest common factor of a and 3429?
27
Let x(f) = -f**2 - 8*f. Let o be x(-7). Let n = o + 7. Suppose 118*j = 108*j + 280. What is the highest common factor of n and j?
14
Let h = -1871 - -2039. What is the greatest common divisor of 48 and h?
24
Let o(b) = -b**2 + 16*b + 121. Let x be o(20). Let m be -3 - (-2 + 2)*(-4)/(-4). Let a be 368 + ((-1)/m)/(1/3). What is the highest common factor of a and x?
41
Let k = -184 - -221. Suppose 2*f - k = 3*p + 108, -4*f + 314 = 2*p. Calculate the greatest common factor of 11 and f.
11
Let v = 210 - 206. Let p(n) = -5*n - 23. Let t(w) = -w**2 - 14*w + 8. Let o be t(-15). Let x be p(o). What is the highest common divisor of x and v?
4
Let m(g) = -58*g**3 - 25*g**2 - 5*g - 38. Let p be m(-6). Calculate the highest common divisor of 35 and p.
35
Let c = -77 + 81. Suppose c = 5*g - 16. Suppose -5*r + 120 = 2*j, g*j + 5*r - 2*r = 240. Calculate the greatest common divisor of 24 and j.
12
Let k(d) be the first derivative of d**4 + d**2/2 - 5*d + 15. Let s be k(-3). Let u be 30/45 + s/(-6). Calculate the greatest common divisor of 160 and u.
20
Suppose b - 662 = -2*r, -3*b - 2*b + 3271 = -3*r. Calculate the greatest common factor of b and 123.
41
Let b(z) = -4*z**2 - 3*z - 12. Let g be b(-3). Let p = 43 + g. Calculate the highest common factor of 32 and p.
4
Suppose 2*s = -4*i - 942, 0 = i - 4*s + 65 + 193. Let f = i + 248. Calculate the highest common factor of 190 and f.
10
Suppose 618*z - 642*z + 384 = 0. What is the greatest common factor of z and 1808?
16
Let g be (81/(-12))/((-1)/(-96)*-18). What is the highest common factor of g and 1524?
12
Let h(y) = y**2 + 36*y - 334. Let t be h(8). What is the highest common factor of 2826 and t?
18
Suppose -2*p + 1158 = 1150. Let a be (-59*(p - 5))/(7/21). Calculate the greatest common divisor of 118 and a.
59
Let w(p) = -3*p**2 + 70*p - 44. Let y be w(14). Calculate the greatest common divisor of y and 132.
12
Let i(s) = 631*s - 5834. Let o be i(20). What is the greatest common factor of 468 and o?
234
Let i(t) = 413*t**2 - 7*t + 10. Let q be i(1). What is the greatest common factor of 32 and q?
32
Let m(x) = 355*x**2 + 4*x - 9. Let t be m(1). Calculate the greatest common divisor of t and 28.
14
Let f(n) = -783*n - 474. Let o be f(-1). What is the highest common divisor of o and 39552?
309
Let v(u) = 12*u**2 + 4*u - 8. Let x be (-3)/(-12) + (-10)/32*-12. Let p be v(x). Calculate the greatest common divisor of 50 and p.
50
Let t(j) = -j**3 + 5*j**2 - j + 8. Let x be t(5). Suppose -x*v = 4*v - 231. Let r = 22 + v. What is the greatest common factor of r and 5?
5
Suppose 0 = 17*w + 568 - 6620. Calculate the greatest common divisor of 2581 and w.
89
Suppose -f + 4 + 12 = 0. Suppose 3*s + 19 = 2*s. Let m = 83 + s. What is the highest common factor of f and m?
16
Let z = 91 + -79. Suppose -c = -3*c + z. What is the greatest common factor of c and 66?
6
Let c = -8175 - -16271. Calculate the greatest common factor of c and 64.
32
Let y = 26 + 1. Suppose y = 6*m - 3*m. Suppose -2*s - m = -21. Calculate the highest common divisor of s and 18.
6
Let x = 1817 - 100. Calculate the highest common factor of 51 and x.
17
Let p(u) = -u**2 + 19*u - 64. Let h be p(12). Suppose h = l + 9. What is the greatest common factor of 22 and l?
11
Let p = -1 - -4. Let h be (-2)/(-3) + 208/p. Suppose 185 = -5*u + 19*j, -80 = -u + 34*j - 38*j. What is the greatest common divisor of u and h?
10
Let z(l) = 2*l + 17. Let g be z(17). Suppose 11*r - 174675 = -126*r. Calculate the highest common factor of g and r.
51
Let o = -200 - -12. Let p = -113 - o. Suppose 7*j = -3*a + 90, -2*j - 1768 = 4*a - 1778. Calculate the highest common factor of p and j.
15
Suppose -5*a + 18 = 2*p, -3*a = -p - 0*a - 2. Suppose -p - 31 = 3*h + d, 3*h = 5*d - 59. Let u = h - -67. What is the highest common factor of u and 18?
18
Let s(f) = -3*f**2 - 7*f - 4. Let l be s(-4). Let w = 34 + l. Let j be ((-2)/(-4))/(1*1/w). What is the greatest common factor of j and 1?
1
Let l = 39 - 48. Let f be 5 + 3 + (-6 - l/3). Suppose 42 = f*s - 58. Calculate the greatest common factor of s and 60.
20
Let d be ((-3)/((-12)/(-10)))/(-12*28/672). What is the greatest common factor of 9515 and d?
5
Suppose 4*k + 8*k - 2100 = 0. Let a = 292 - k. What is the highest common divisor of 52 and a?
13
Let z = -161 - -77. Let s = z + 80. Let y be (20 - s)*(-3)/(6/(-2)). What is the greatest common factor of y and 6?
6
Suppose 0 = -59*y + 5*y + 5508. What is the highest common factor of y and 108?
6
Let n = 1646 - -11523. Calculate the highest common divisor of 13 and n.
13
Let t(c) = 18 - 32 - 20*c**2 + 23 + c**3 - 18*c. Let x be t(21). What is the highest common divisor of 48 and x?
24
Let d be ((-63)/2 - -14)/(2/(-20)). Suppose 5*j - 4*c = d, 2*j = -2*c + 55 + 33. Calculate the greatest common divisor of j and 65.
13
Suppose -f = -6*f + 2*u + 403, 3*f = u + 241. Calculate the greatest common factor of f and 869.
79
Let i = -9 - -38. Suppose i*q - 32*q = 12. Let l be (-64)/((-9)/(-3)*q/30). What is the highest common divisor of l and 20?
20
Let s be (30/27)/(-5) + 47/9. Suppose -2*g + 11 = s*j, -2*g + 8 = 3*j + j. Suppose -1092 = -j*r - 432. Calculate the greatest common divisor of r and 20.
20
Let i(c) = c**2 - 30*c + 284. Let r be i(13). What is the greatest common divisor of r and 4473?
63
Let c(n) = -n + 20. Let f be c(20). Suppose -4*b + y = -10, -4*b + f*b - 3*y = -18. What is the greatest common factor of 7 and b?
1
Let m be ((-9)/(-18))/(2/12). Let d be (-1)/(m/(-8)*4/21). Calculate the greatest common factor of d and 238.
14
Let w = -4625 + 4745. Calculate the highest common factor of w and 456.
24
Suppose -3*x = -5*n - 118, n = -4*x + 4*n + 150. Let z be (-177 + 162)*9/(-5). Calculate the highest common factor of x and z.
9
Let z = 239 - 197. Let f be (-52)/(-286) - z/(-11). Let n = -1 - -5. What is the highest common divisor of n and f?
4
Suppose 0 = 18*v - 20*v + 4. Suppose 3*k - 4*s = 232, v*s + 238 = 3*k + s. Calculate the highest common divisor of 15 and k.
5
Suppose 3*h + 275 = 8*h. Let a be ((-552)/(-30))/((-1)/(h/(-2))). What is the greatest common divisor of a and 46?
46
Let b(v) = -953*v - 918. Let n be b(-17). Calculate the greatest common divisor of n and 34.
17
Suppose -5*g = t - 290, 4*g + 423 + 737 = 4*t. Let y = t - 178. Calculate the greatest common divisor of y and 392.
56
Suppose 2*x - z = 715, -4*z + 67 - 47 = 0. Calculate the highest common factor of x and 585.
45
Let l be 528*-1*(-17)/(-17). Let c = l + 663. What is the greatest common divisor of c and 216?
27
Let y be -4 + 0 - 11/(11/(-298)). What is the greatest common divisor of 147 and y?
147
Suppose 3*b + 15 = 3*w, 0 = -5*w - 5*b + 33 - 38. Suppose 1198 = 4*r + t, 0 = 2*r - 5*t - 608 - w. What is the greatest common divisor of 375 and r?
75
Suppose -121 + 473 = 8*u. Let m be ((-9)/18)/(1/(-4))*u. Let d be (-6)/(-3*3/12). What is the highest common divisor of d and m?
8
Suppose 110*t = 386*t - 9660. Let s be ((-6)/2)/(21/(-14)). Suppose s*g - 770 = -0*g. What is the highest common divisor of g and t?
35
Let m be (499/7 - 66/231)*2 + -1. What is the highest common factor of m and 6?
3
Let i = -126 + 262. Suppose -3*w - 780 = 2*r - 792, -2*w + 4*r + 40 = 0. What is the greatest common divisor of w and i?
8
Let x be 6/45 + 34216/105. Let q = x + -239.